{"id":10,"date":"2018-02-05T10:26:17","date_gmt":"2018-02-05T10:26:17","guid":{"rendered":"http:\/\/dev.frakton.com\/expokoswp\/?page_id=10"},"modified":"2026-01-14T13:33:45","modified_gmt":"2026-01-14T13:33:45","slug":"per-vizitoret","status":"publish","type":"page","link":"http:\/\/www.ceokos.com\/expokos\/per-vizitoret\/","title":{"rendered":"P\u00ebr vizitor\u00ebt"},"content":{"rendered":"<p>K\u00eb do t\u00eb Takoni n\u00eb Panairin EXPOKOS?<\/p>\n","protected":false},"excerpt":{"rendered":"<p>K\u00eb do t\u00eb Takoni n\u00eb Panairin EXPOKOS?<\/p>\n","protected":false},"author":1,"featured_media":0,"parent":0,"menu_order":0,"comment_status":"closed","ping_status":"closed","template":"template-visitor.php","meta":{"footnotes":""},"class_list":["post-10","page","type-page","status-publish","hentry"],"acf":[],"_links":{"self":[{"href":"http:\/\/www.ceokos.com\/expokos\/wp-json\/wp\/v2\/pages\/10","targetHints":{"allow":["GET"]}}],"collection":[{"href":"http:\/\/www.ceokos.com\/expokos\/wp-json\/wp\/v2\/pages"}],"about":[{"href":"http:\/\/www.ceokos.com\/expokos\/wp-json\/wp\/v2\/types\/page"}],"author":[{"embeddable":true,"href":"http:\/\/www.ceokos.com\/expokos\/wp-json\/wp\/v2\/users\/1"}],"replies":[{"embeddable":true,"href":"http:\/\/www.ceokos.com\/expokos\/wp-json\/wp\/v2\/comments?post=10"}],"version-history":[{"count":50,"href":"http:\/\/www.ceokos.com\/expokos\/wp-json\/wp\/v2\/pages\/10\/revisions"}],"predecessor-version":[{"id":2745,"href":"http:\/\/www.ceokos.com\/expokos\/wp-json\/wp\/v2\/pages\/10\/revisions\/2745"}],"wp:attachment":[{"href":"http:\/\/www.ceokos.com\/expokos\/wp-json\/wp\/v2\/media?parent=10"}],"curies":[{"name":"wp","href":"https:\/\/api.w.org\/{rel}","templated":true}]}}